culate j(-5).
2
Let b(o) = 35370*o + 672029. Determine b(-19).
-1
Let g(t) = -227392*t - 909575. What is g(-4)?
-7
Let s(k) = -k**2 - 575*k - 81044. Calculate s(-256).
620
Let t(o) = -2*o**2 - 2735*o + 228528. Determine t(79).
-19
Let j(z) = 4083*z + 65333. Determine j(-16).
5
Let d(x) = -6*x**2 + 4063*x + 16274. Give d(-4).
-74
Let u(f) = 77861*f + 10900537. Calculate u(-140).
-3
Let r(z) = -z**3 - 31*z**2 - 496*z - 16812. Calculate r(-32).
84
Let l(w) = -2*w**3 + 88*w**2 - 411*w - 7. Give l(5).
-112
Let g(z) = z**2 - 88*z + 693. Give g(78).
-87
Let y(o) = -2310*o - 78431. Determine y(-34).
109
Let g(l) = -l**3 + 40*l**2 + 974*l - 298. What is g(57)?
-13
Let g(f) = 8*f**2 - 544836*f - 4359197. Determine g(-8).
3
Let l(b) = 425*b + 3805. Determine l(-13).
-1720
Let z(g) = 3*g**2 - 289*g + 4339. Give z(22).
-567
Let c(u) = 656*u**2 - 22986*u + 845. What is c(35)?
-65
Let g(f) = -80*f - 2334. Determine g(-36).
546
Let d(w) = -w**2 - 383*w - 28509. Calculate d(-108).
1191
Let h(o) = -o**3 - 30*o**2 + 23*o + 275. Determine h(-3).
-37
Let v(s) = -2*s**3 + 187*s**2 - 969*s + 402. What is v(88)?
314
Let h(i) = i**3 + 1090*i**2 - 27861*i + 15603. Calculate h(-1115).
-7
Let k(b) = 70*b**3 + 91*b**2 + 120*b - 134. Give k(-2).
-570
Let o(b) = b**3 - 25*b**2 - 331*b + 7382. What is o(20)?
-1238
Let d(l) = -l**2 + 921*l - 6413. Determine d(7).
-15
Let j(a) = -164*a**3 + 26*a**2 - 307*a + 280. Determine j(1).
-165
Let x(l) = 122119*l - 10502235. Give x(86).
-1
Let h(d) = 85*d**2 + 8510*d + 928. Give h(-100).
-72
Let x(h) = 5*h**3 - 313*h**2 + 225*h - 324. Give x(62).
2094
Let n(j) = j**2 - 181*j + 219. What is n(174)?
-999
Let u(g) = -19*g**2 + 4442*g + 9918. Calculate u(236).
6
Let t(b) = 43082*b + 7927062. Calculate t(-184).
-26
Let l(z) = z**3 + 95*z**2 - 926*z - 10495. Calculate l(-103).
11
Let z(s) = -s**3 - 56*s**2 - 248*s + 257. Determine z(-6).
-55
Let x(p) = 3*p**2 + 9243*p - 111341. Give x(12).
7
Let v(z) = 25044*z - 25088. What is v(1)?
-44
Let u(j) = -1489*j - 14737. Determine u(-10).
153
Let w(v) = 620272*v + 4962171. Calculate w(-8).
-5
Let o(z) = -30*z**3 + 5*z**2 + 3*z - 13. Give o(-3).
833
Let o(m) = -m**3 - 13*m**2 - 2519*m - 19826. Give o(-8).
6
Let b(n) = -28603*n - 228615. Determine b(-8).
209
Let t(b) = 13452*b + 2367560. Determine t(-176).
8
Let r(t) = -53*t**3 - 81361*t**2 - 9206*t + 6145. What is r(-1535)?
5
Let w(l) = -173427*l - 346745. Give w(-2).
109
Let w(t) = 2*t**3 + 17*t**2 + 9*t - 12. Give w(-8).
-20
Let y(k) = -3*k**2 - 231*k - 1005. Give y(-75).
-555
Let q(j) = -2*j**2 + 18*j + 6193. Calculate q(-51).
73
Let p(b) = -b**3 + 2*b**2 - 43*b + 32. What is p(0)?
32
Let a(o) = -1484*o - 515000. Give a(-347).
-52
Let b(v) = -522*v + 23094. Calculate b(44).
126
Let a(w) = 6*w**3 + 2593*w**2 + 3022*w + 2155. What is a(-431)?
0
Let c(q) = -3*q**2 - 293*q + 3504. Give c(12).
-444
Let w(l) = 688*l + 29340. Determine w(-43).
-244
Let i(b) = 42974*b - 5285803. Determine i(123).
-1
Let l(j) = -8118*j - 1850881. What is l(-228)?
23
Let z(q) = -q**3 + 14*q**2 + 143*q - 179. Determine z(20).
281
Let p(h) = -h**3 - 46*h**2 + 157*h + 4583. Determine p(-48).
1655
Let f(g) = -81748*g + 2043732. What is f(25)?
32
Let n(u) = 10*u**3 + 80*u**2 - 674*u - 755. What is n(-1)?
-11
Let v(w) = 46*w**2 + 1204*w + 579. What is v(-21)?
-4419
Let b(a) = 2027*a**2 + 725665*a - 354. What is b(-358)?
4
Let r(o) = -5*o**2 - 247*o + 513. What is r(2)?
-1
Let m(n) = -4*n**3 + 42*n**2 + 45*n - 540. Calculate m(10).
110
Let x(l) = -8*l**2 - 31808*l + 31807. Give x(1).
-9
Let v(g) = -g**3 - 224*g**2 - 1733*g - 19. Calculate v(-8).
21
Let l(r) = 2*r**3 - 96*r**2 + 31*r + 2603. Calculate l(48).
4091
Let h(d) = 17*d**2 - 4900*d + 1149. Determine h(288).
-3
Let z(o) = -o**3 + 613*o**2 + 770*o - 95789. Determine z(614).
-5
Let h(j) = -1557*j**3 + 172*j**2 - 173*j + 3. Determine h(1).
-1555
Let l(u) = -1186*u + 6230. What is l(6)?
-886
Let b(s) = -62*s - 6592. Calculate b(-106).
-20
Let s(p) = -3*p + 315. Determine s(65).
120
Let t(q) = q**3 - 22*q**2 - 1137*q + 21753. Give t(18).
-9
Let r(a) = -26*a**2 + 820*a - 5870. Determine r(11).
4
Let c(x) = -x**3 - 592*x**2 - 3509*x + 41. Calculate c(-6).
-1
Let n(q) = -q**3 - 47*q**2 - 133*q - 70. Determine n(-44).
-26
Let v(s) = -2*s**3 + 29*s**2 - 243*s - 145. Determine v(16).
-4801
Let n(k) = 2*k**2 - 16*k + 141. Give n(21).
687
Let y(l) = -l**3 - 161*l**2 - 770*l + 1728. Calculate y(-156).
168
Let o(q) = 11*q**3 - 4*q - 4. Give o(-2).
-84
Let v(x) = -x**3 + 500*x**2 - 5843*x - 61. Give v(12).
95
Let k(a) = a**3 + 378*a**2 - 5075*a - 88. Determine k(13).
16
Let v(f) = -211*f**3 - 435*f - 432. Give v(-1).
214
Let w(t) = -1728*t + 117507. Give w(68).
3
Let j(d) = -8*d**3 - 10*d**2 + 447*d + 2285. Determine j(-5).
800
Let g(j) = 2*j**3 + 339*j**2 + 147*j - 3189. Give g(-169).
529
Let r(n) = 6*n**2 - 12057*n + 484250. Determine r(41).
-1
Let x(l) = 18*l**2 - 7492*l - 249551. Calculate x(-31).
-1
Let i(x) = -x**2 + 546*x - 19303. Determine i(38).
1
Let o(h) = 859*h - 101395. Give o(118).
-33
Let q(m) = -2*m**3 - 71*m**2 + 108*m + 2593. What is q(-36)?
1
Let s(v) = -542*v - 5849. What is s(-13)?
1197
Let r(l) = -1359*l + 89599. Calculate r(66).
-95
Let i(g) = 13370*g + 1550926. Determine i(-116).
6
Let s(r) = 43*r**3 - 102*r**2 + 24*r + 14. Give s(2).
-2
Let s(t) = 167*t - 1194. Give s(6).
-192
Let r(s) = 3*s**3 + 256*s**2 + 1841*s - 112. Give r(-8).
8
Let t(b) = b**3 + 77*b**2 - 2220*b - 18983. What is t(-7)?
-13
Let j(f) = 292*f - 6155. Determine j(21).
-23
Let c(o) = 7*o**3 + 4532*o**2 + 1940*o - 609. Calculate c(-647).
38
Let r(l) = -11*l**2 + 4440*l - 11625. Give r(401).
4
Let r(l) = -11*l + 952. Give r(84).
28
Let g(h) = 6*h**2 + 140*h + 291. Calculate g(-24).
387
Let y(j) = -7*j**2 - 26*j - 67. What is y(-12)?
-763
Let a(o) = -o**3 + 26*o**2 + 30*o - 33. Determine a(24).
1839
Let g(y) = 2*y**3 + 24*y**2 + 60*y - 281. Calculate g(-9).
-335
Let m(h) = -59*h**2 + 543*h - 2157. Calculate m(4).
-929
Let n(d) = 3*d**3 + 270*d**2 - 858*d - 1920. What is n(-93)?
33
Let f(z) = -3*z**2 - 55*z + 1731. Calculate f(15).
231
Let r(q) = -140*q**2 + 17058*q + 2697. Determine r(122).
13
Let q(a) = -218*a + 23838. Calculate q(104).
1166
Let b(n) = n**3 - 369*n**2 - 2629*n - 648. What is b(376)?
480
Let g(m) = -38*m**2 + 47*m + 133. What is g(-4)?
-663
Let x(i) = 4*i**3 + 163*i**2 - 765*i - 23. Give x(-45).
-23
Let z(j) = -237*j + 25599. Calculate z(109).
-234
Let d(p) = -3*p**2 + 702*p + 14416. Determine d(253).
-5
Let h(v) = -188*v**2 - 2211*v + 527. Determine h(-12).
-13
Let n(h) = -h**3 + 144*h**2 + 422*h - 137481. Calculate n(140).
-1
Let r(p) = -p**3 - 504*p**2 + 3564*p + 178. Calculate r(7).
87
Let a(o) = 2*o**3 - 115*o**2 - 21*o + 4411. What is a(57)?
-35
Let k(t) = 2*t**3 - 31*t**2 - 596*t + 9113. What is k(15)?
-52
Let h(t) = -t**3 - 103*t**2 + 253*t + 584. Give h(-105).
-3931
Let f(o) = 377*o - 12741. Give f(34).
77
Let w(u) = -4*u**2 + 2541*u - 20289. What is w(8)?
-217
Let f(n) = 2*n**2 + 598*n + 27997. Calculate f(-58).
41
Let w(z) = 132*z - 65467. What is w(496)?
5
Let r(x) = -x**3 + 30*x**2 + 3516*x + 947. Give r(-46).
27
Let l(q) = q**2 + 59*q - 4775. What is l(45)?
-95
Let o(z) = -52668*z + 2159365. Calculate o(41).
-23
Let s(t) = -t**3 + 182*t**2 - 3783*t - 1394. Give s(158).
28
Let t(a) = a**3 - 198*a**2 + 9516*a - 349. Calculate t(82).
-21
Let x(c) = c**2 - 206*c - 9456. What is x(-35)?
-1021
Let z(d) = -191*d + 10055. What is z(51)?
314
Let u(g) = 4*g**2 - 905*g + 11091. What is u(13)?
2
Let z(w) = -922*w - 35062. Determine z(-38).
-26
Let a(n) = 61*n + 1488. Give a(41).
3989
Let h(z) = -2*z**3 - 98*z**2 - 595*z - 400. What is h(-42)?
-106
Let b(c) = 4*c**2 + 772427*c - 772430. Calculate b(1).
1
Let t(k) = -4361*k - 195172. What is t(-45)?
1073
Let l(s) = 31334*s - 63055. Calculate l(2).
-387
Let k(l) = 130*l**2 + 840*l + 456. What is k(-6)?
96
Let v(g) = 22*g**2 + 1805*g + 86. Determine v(-82).
4
Let f(j) = -j**3 - 13*j**2 + 152*j + 926. Determine f(-8).
-610
Let m(s) = 48*s**3 + 949*s**2 - 217*s + 9. Give m(-20).
-51
Let n(k) = k**3 + 140*k**2 + 1087*k + 1. What is n(-9)?
829
Let c(d) = -4*d**3 + 474*d**2 - 750*d + 214. Determine c(117).
-5402
Let s(v) = v**3 + 18*v**2 + 7625*v + 145233. What is s(-19)?
-3
Let l(v) 